{"id":257,"date":"2014-04-07T12:34:43","date_gmt":"2014-04-07T10:34:43","guid":{"rendered":"http:\/\/sylvestre.net\/brtc\/brtc\/?page_id=257"},"modified":"2017-10-27T12:19:29","modified_gmt":"2017-10-27T10:19:29","slug":"inscription-a-la-journee","status":"publish","type":"page","link":"https:\/\/sylvestre.net\/brtc\/index.php\/inscription-a-la-journee\/","title":{"rendered":"Inscription \u00e0 la journ\u00e9e"},"content":{"rendered":"<p>Pour vous inscrire, rien de plus simple, remplissez le formulaire ci-dessous. Veuillez vous munir du mail de confirmation et de la preuve de paiement lors de votre visite au club, ils pourront vous \u00eatre demand\u00e9s pour contr\u00f4le.<\/p>\n<p>Toute personne ayant rempli ce formulaire et s\u2019\u00e9tant acquitt\u00e9e du montant de l&#8217;inscription \u00e0 la journ\u00e9e, d\u00e9clare avoir pris connaissance du <a title=\"R\u00e8glement d\u2019ordre int\u00e9rieur\" href=\"https:\/\/sylvestre.net\/brtc\/index.php\/reglement\/\">r\u00e8glement d\u2019ordre int\u00e9rieur du club<\/a> et accepte les termes de ceux-ci sans aucune restriction.<\/p>\n[vfb id=&#8217;2&#8242;]\n","protected":false},"excerpt":{"rendered":"<p>Pour vous inscrire, rien de plus simple, remplissez le formulaire ci-dessous. Veuillez vous munir du mail de confirmation et de<\/p>\n","protected":false},"author":1,"featured_media":0,"parent":0,"menu_order":0,"comment_status":"open","ping_status":"open","template":"","meta":{"ngg_post_thumbnail":0,"footnotes":""},"class_list":["post-257","page","type-page","status-publish","hentry"],"_links":{"self":[{"href":"https:\/\/sylvestre.net\/brtc\/index.php\/wp-json\/wp\/v2\/pages\/257","targetHints":{"allow":["GET"]}}],"collection":[{"href":"https:\/\/sylvestre.net\/brtc\/index.php\/wp-json\/wp\/v2\/pages"}],"about":[{"href":"https:\/\/sylvestre.net\/brtc\/index.php\/wp-json\/wp\/v2\/types\/page"}],"author":[{"embeddable":true,"href":"https:\/\/sylvestre.net\/brtc\/index.php\/wp-json\/wp\/v2\/users\/1"}],"replies":[{"embeddable":true,"href":"https:\/\/sylvestre.net\/brtc\/index.php\/wp-json\/wp\/v2\/comments?post=257"}],"version-history":[{"count":0,"href":"https:\/\/sylvestre.net\/brtc\/index.php\/wp-json\/wp\/v2\/pages\/257\/revisions"}],"wp:attachment":[{"href":"https:\/\/sylvestre.net\/brtc\/index.php\/wp-json\/wp\/v2\/media?parent=257"}],"curies":[{"name":"wp","href":"https:\/\/api.w.org\/{rel}","templated":true}]}}